ne r(13).
303
Let h(l) = -l**3 - 15*l**2 + l + 56. Give h(0).
56
Let c(q) = q**2 + 36*q + 112. Give c(-4).
-16
Let b(d) = -d**2 - 943*d + 27194. What is b(28)?
6
Let w(m) = -2*m**3 - 15*m**2 - 12*m - 152. Give w(-8).
8
Let u(m) = m**3 - 32*m**2 - 150*m + 240. Give u(36).
24
Let o(w) = 759*w - 3070. Calculate o(4).
-34
Let g(c) = -367*c - 2530. Give g(-8).
406
Let p(d) = 6*d**2 + 11*d + 27. Calculate p(-12).
759
Let d(g) = 598*g + 13161. Determine d(-22).
5
Let f(g) = 9*g**3 + 8*g**2 - 3*g + 1. Give f(3).
307
Let y(b) = 139*b - 2454. Determine y(18).
48
Let s(q) = q**3 + 37*q**2 + 325*q - 119. Determine s(-22).
-9
Let x(d) = 4*d**3 + 7*d**2 - 15*d - 45. Give x(-3).
-45
Let t(j) = -j**2 + 15*j + 2805. Give t(-46).
-1
Let q(o) = 10*o**2 + 35*o + 10. What is q(-5)?
85
Let l(q) = q**3 - 20*q**2 - 69*q. Calculate l(-4).
-108
Let w(o) = -2*o**2 + 29*o - 142. What is w(7)?
-37
Let d(g) = 2*g**3 - 57*g**2 - 30*g + 16. Calculate d(29).
-13
Let p(y) = y**3 - y**2 - 75*y - 6. Determine p(-9).
-141
Let r(p) = 3*p**2 - 74*p + 41. Calculate r(25).
66
Let d(l) = 5*l**2 - 248*l + 24. Determine d(51).
381
Let t(o) = -4*o**2 + o + 4. What is t(-2)?
-14
Let m(q) = -12*q**2 - 286*q + 49. Calculate m(-24).
1
Let g(a) = 25*a + 784. Determine g(-27).
109
Let o(x) = -2*x**3 - 3*x**2 + 2*x + 10. Give o(-2).
10
Let f(k) = 32*k**2 - 1086*k + 979. Determine f(33).
-11
Let n(c) = -53*c + 928. What is n(17)?
27
Let s(b) = 2*b**2 - 31*b - 33. Determine s(14).
-75
Let o(r) = -r**3 + 5*r**2 + 6*r - 36. What is o(5)?
-6
Let x(i) = 4765*i - 33291. What is x(7)?
64
Let c(v) = v**3 - 20*v**2 + 86*v - 166. What is c(15)?
-1
Let a(t) = -t**3 - 87*t + 493. Calculate a(5).
-67
Let q(i) = 3*i**3 - 3*i**2 + 12*i - 30. Determine q(3).
60
Let v(o) = 107*o + 9425. Determine v(-88).
9
Let y(x) = 957*x - 2707. Give y(3).
164
Let k(h) = 3*h**2 + 32*h + 86. Determine k(-5).
1
Let q(r) = r + 590. Give q(-49).
541
Let a(c) = c**2 - 62*c - 1267. Determine a(78).
-19
Let z(v) = v**2 + 57*v - 17. Give z(0).
-17
Let b(w) = -32*w**2 - 14*w - 6. Determine b(-2).
-106
Let o(d) = 51*d**3 + 67*d + 66. Calculate o(-1).
-52
Let x(l) = -l**3 + 13*l**2 + 548*l - 4704. What is x(8)?
0
Let y(r) = -r**3 + 22*r**2 - 314*r + 1134. What is y(5)?
-11
Let y(q) = -q**3 + 31*q**2 + 67*q - 3626. What is y(29)?
-1
Let y(p) = -p**3 - 18*p**2 - 86*p - 42. Determine y(-11).
57
Let r(a) = -4*a - 103. Calculate r(36).
-247
Let i(d) = -46*d**3 + d**2 + 4*d - 4. What is i(1)?
-45
Let a(v) = -v**3 + 22*v**2 + 30*v + 427. Give a(24).
-5
Let g(z) = -30*z**3 + 1. Determine g(-1).
31
Let s(c) = 3*c**3 + 4*c**2 + 8*c - 3. Calculate s(3).
138
Let t(i) = -2*i**3 - 47*i**2 - 74*i - 1177. Give t(-23).
-4
Let t(g) = -4*g**2 + 128*g + 565. Give t(36).
-11
Let y(o) = 86*o + 3003. Determine y(-35).
-7
Let v(x) = -4*x**3 - 3*x**2 - 38*x + 10. Determine v(0).
10
Let i(n) = 25*n**2 - 18*n + 8. Calculate i(2).
72
Let b(l) = -49*l - 2205. Determine b(-45).
0
Let y(f) = -14*f + 1166. Determine y(86).
-38
Let a(k) = -k**2 + 21*k + 9. Calculate a(5).
89
Let a(f) = 2*f**2 - 142*f + 534. Calculate a(67).
-2
Let b(g) = g**3 - 22*g**2 + 59*g + 4. Determine b(19).
42
Let w(d) = -44*d + 40. Give w(2).
-48
Let a(v) = v**3 - 15*v**2 - 105*v + 1671. What is a(14)?
5
Let z(r) = -r**2 + r + 151. What is z(14)?
-31
Let l(x) = x**3 - 58*x**2 - 24*x + 1410. What is l(58)?
18
Let p(r) = r**2 + 134*r - 275. Give p(2).
-3
Let q(a) = -112*a - 789. Determine q(-7).
-5
Let h(l) = 2*l**2 - 152*l - 151. Determine h(-1).
3
Let j(g) = 2*g + 72. What is j(-21)?
30
Let a(j) = -3*j**3 + 190*j**2 - 78*j + 972. Determine a(63).
27
Let g(n) = 2*n**3 + 37*n**2 + 191*n + 1770. Calculate g(-16).
-6
Let x(b) = b**3 - 29*b**2 + 58*b - 78. What is x(27)?
30
Let a(i) = -7*i + 507. What is a(-10)?
577
Let a(j) = 72*j + 975. Calculate a(-14).
-33
Let h(s) = -4*s**3 + 93*s**2 + 79*s - 173. Give h(24).
-5
Let w(p) = -p**3 - 57*p**2 - 113*p - 9. What is w(-2)?
-3
Let f(u) = 2*u**2 + 149*u + 350. Determine f(-72).
-10
Let y(k) = k**2 + 25*k + 81. Determine y(-18).
-45
Let i(t) = -3*t**2 + 22. Give i(5).
-53
Let k(x) = -x**3 + 13*x**2 - 19*x + 520. Calculate k(14).
58
Let l(z) = -z**3 + 7*z**2 - 67*z + 287. Determine l(5).
2
Let n(d) = 685*d - 5506. Determine n(8).
-26
Let o(p) = -3*p**2 + 254*p - 2438. Determine o(11).
-7
Let o(z) = -31*z**2 + 22*z + 72. Give o(-3).
-273
Let i(z) = -61*z**2 + 101*z - 3. Give i(2).
-45
Let w(p) = -p**2 - 182*p - 3785. What is w(-24)?
7
Let x(u) = -18*u**2 + 1128*u - 6113. Determine x(6).
7
Let b(c) = -c**2 - 775*c - 1. Calculate b(0).
-1
Let f(d) = -d**2 + 92*d + 920. Calculate f(-9).
11
Let b(o) = o**2 - 25*o + 135. What is b(10)?
-15
Let n(y) = -139*y + 47. Calculate n(-3).
464
Let d(l) = -2*l**2 + 162*l + 2249. Calculate d(-12).
17
Let s(q) = -2*q**2 - 72*q - 1344. Give s(-17).
-698
Let c(v) = 57*v**2 + 3021*v - 8. Calculate c(-53).
-8
Let a(w) = -45*w + 1481. Calculate a(31).
86
Let o(v) = 1950*v + 116994. What is o(-60)?
-6
Let q(z) = z**3 + 127*z**2 + 841*z - 9. Determine q(-7).
-16
Let v(n) = 2*n**2 - 5*n + 38. Give v(7).
101
Let g(s) = -s**3 - 15*s**2 + 2*s + 41. Calculate g(-15).
11
Let i(o) = o**3 - 12*o**2 + 50. Give i(0).
50
Let h(f) = f**2 - 112*f + 2579. Determine h(80).
19
Let t(v) = 106*v + 701. Determine t(-7).
-41
Let t(d) = -1004*d - 218862. Give t(-218).
10
Let o(r) = r**3 - 113*r**2 + 734*r + 51. Determine o(7).
-5
Let w(s) = -8*s - 10. Determine w(3).
-34
Let l(t) = -229*t - 1388. Determine l(-6).
-14
Let o(b) = b**3 - 77*b**2 + 292*b + 37. Determine o(73).
37
Let d(x) = -2*x**3 + 36*x**2 + 16*x - 109. Give d(18).
179
Let d(f) = -65*f + 2350. Calculate d(36).
10
Let q(s) = -s**2 - 33*s - 11. Give q(10).
-441
Let l(y) = 35*y - 19. Give l(-1).
-54
Let t(p) = -8*p**2 - 103*p + 14. Calculate t(-13).
1
Let y(j) = -31*j - 254. What is y(-12)?
118
Let p(w) = -3368*w - 3360. Calculate p(-1).
8
Let f(m) = 157*m**3 - 2*m**2 - 15*m + 16. What is f(1)?
156
Let a(n) = -2*n**3 - 31*n**2 - 14*n - 490. Calculate a(-16).
-10
Let i(l) = -l**3 - 31*l**2 - 44*l + 412. Calculate i(-29).
6
Let x(q) = -q**3 - 137*q**2 - 2808*q - 206. Calculate x(-25).
-6
Let w(s) = s**2 + 33*s + 197. What is w(-19)?
-69
Let c(q) = q**3 + 44*q**2 + 166*q + 14. Determine c(-4).
-10
Let b(p) = p**3 + 4*p**2 - 9*p - 3. What is b(3)?
33
Let t(r) = 48*r**2 - 52*r + 33. Determine t(1).
29
Let q(f) = 200*f - 12. Give q(1).
188
Let o(v) = -v**3 + 14*v + 38. What is o(0)?
38
Let p(u) = u**3 + 87*u**2 + 410*u - 6. Determine p(-5).
-6
Let g(v) = v**3 + 29*v**2 - 23*v + 138. What is g(-30)?
-72
Let s(q) = q**2 + 100*q + 1771. Calculate s(-23).
0
Let k(g) = 6*g + 90. Determine k(-31).
-96
Let j(m) = m**3 + 27*m**2 + 199*m + 222. Give j(-13).
1
Let n(p) = p**3 + 11*p**2 - 6*p - 65. Calculate n(-11).
1
Let y(g) = 2*g**3 - 83*g**2 - 212*g - 358. What is y(44)?
-6
Let j(d) = d**3 - 13*d**2 + 9*d - 38. Give j(13).
79
Let s(f) = -f**3 + 2*f**2 - 9*f + 156. Give s(9).
-492
Let x(o) = o**2 - 149*o + 2460. Determine x(20).
-120
Let k(u) = -u**2 - 36*u - 272. Calculate k(-8).
-48
Let h(q) = -q**3 - 2*q + 6. What is h(0)?
6
Let q(r) = 2*r**3 - 41*r**2 - 28*r + 136. Give q(21).
-11
Let w(p) = -210*p + 126. Give w(-1).
336
Let s(d) = -47*d**2 - d + 13. Determine s(2).
-177
Let f(p) = p**3 - 2*p**2 + 61*p + 1791. Calculate f(-10).
-19
Let a(w) = w**2 - 12*w - 21. Calculate a(11).
-32
Let h(c) = -124*c**2 + 1240*c - 4. What is h(10)?
-4
Let t(d) = d**2 - 14*d - 117. Determine t(21).
30
Let r(z) = -17*z**2 + 25*z - 112. Give r(4).
-284
Let g(b) = -b**3 - 17*b**2 - 38*b - 345. Calculate g(-16).
7
Let o(k) = -229*k**2 + 9*k - 9. Calculate o(1).
-229
Let s(m) = -326*m - 940. What is s(-3)?
38
Let c(y) = 4*y + 28. Calculate c(-8).
-4
Let n(o) = -50*o + 344. Determine n(7).
-6
Let v(f) = -122*f + 264. Calculate v(3).
-102
Let y(o) = -15*o**3 + 5*o**2 + 18*o - 18. What is y(1)?
-10
Let w(r) = 32*r**2 - 873*r + 67. Determine w(27).
-176
Let p(w) = 3*w**2 - 13*w - 263. Calculate p(-10).
167
Let n(u) = 4*u + 27. Determine n(-17).
-41
Let u(z) = 40*z - 3768. What is u(99)?
192
Let t(w) = -4*w**2 + 592*w + 601. Determine t(149).
5
Let g(s) = 202*s**2 + 1012*s + 5. Give g(-5).
-5
Let z(o) = -1693*o - 6717. Determine z(-4).
55
Let k(c) = 37*c + 219. Calculate k(-6).
-3
Let c(k) = k**2 + 34*k + 331. What is c(-18)